{"id":1507,"date":"2021-01-21T11:46:26","date_gmt":"2021-01-21T10:46:26","guid":{"rendered":"https:\/\/lyrique-belle-ile.com\/?page_id=1507"},"modified":"2021-10-19T14:25:11","modified_gmt":"2021-10-19T13:25:11","slug":"informations-juridiques","status":"publish","type":"page","link":"https:\/\/lyrique-belle-ile.com\/en\/informations-juridiques\/","title":{"rendered":"Legal information"},"content":{"rendered":"<div data-elementor-type=\"wp-page\" data-elementor-id=\"1507\" class=\"elementor elementor-1507\">\n\t\t\t\t\t\t<section class=\"elementor-section elementor-top-section elementor-element elementor-element-9503086 elementor-section-boxed elementor-section-height-default elementor-section-height-default\" data-id=\"9503086\" data-element_type=\"section\" data-e-type=\"section\">\n\t\t\t\t\t\t<div class=\"elementor-container elementor-column-gap-default\">\n\t\t\t\t\t<div class=\"elementor-column elementor-col-100 elementor-top-column elementor-element elementor-element-50784b2\" data-id=\"50784b2\" data-element_type=\"column\" data-e-type=\"column\">\n\t\t\t<div class=\"elementor-widget-wrap elementor-element-populated\">\n\t\t\t\t\t\t<div class=\"elementor-element elementor-element-eb23312 elementor-widget elementor-widget-text-editor\" data-id=\"eb23312\" data-element_type=\"widget\" data-e-type=\"widget\" data-widget_type=\"text-editor.default\">\n\t\t\t\t\t\t\t\t\t<p>Legal information<\/p>\t\t\t\t\t\t\t\t<\/div>\n\t\t\t\t<div class=\"elementor-element elementor-element-075277a elementor-widget elementor-widget-text-editor\" data-id=\"075277a\" data-element_type=\"widget\" data-e-type=\"widget\" data-widget_type=\"text-editor.default\">\n\t\t\t\t\t\t\t\t\t<p class=\"translation-block\"><strong>The Festival of Belle-Ile, as an association governed by the law of 1st July 1901 having a disinterested activity with a cultural purpose, is authorised to issue tax receipts to its donors residing in France giving them the possibility of deducting from their Income Tax 66% of their donations up to a limit of 20% of their taxable income<\/strong> (this option does not apply to their Taxation on Real Estate Assets). Subject to confirmation by their usual tax advisers, donors residing in the United States or in European Union countries may also benefit from tax reductions in their country. Donors residing in other countries are advised to consult their usual tax advisors in their country of residence.<\/p><p class=\"translation-block\"><strong>The Festival of Belle-Ile is also authorised to issue tax receipts to its corporate donors residing in France giving them the possibility of deducting from their taxable profits 60% of their donations \u2013  in cash or in kind \u2013 up to 5\u2030 of their turnover<\/strong> (this turnover limitation does not apply to donations up to \u20ac20,000). When these companies do not have legal personality, such as professional civil companies, the tax advantage benefits their partners in proportion to their rights in the company. For other companies, the tax reduction is applied directly to the amount of taxation of the legal entity.<\/p><p>Generally speaking, comparable advantages (at least for cash donations) also apply to \u201clegal person\u201d donors located abroad, particularly in the United States for local foundations, but also in the member states of the European Union. In the latter cases, the donors concerned should nevertheless consult their usual tax advisors.\u00a0<\/p><p class=\"translation-block\"><strong>By becoming a partner, you benefit from exclusive advantages<\/strong>: personalised welcome, privileged meetings with the artists, access to rehearsals and\/or dress rehearsals, invitations to events organised by the Festival, visibility on the website and communication documents published by the Festival...<\/p>\t\t\t\t\t\t\t\t<\/div>\n\t\t\t\t\t<\/div>\n\t\t<\/div>\n\t\t\t\t\t<\/div>\n\t\t<\/section>\n\t\t\t\t<section class=\"elementor-section elementor-top-section elementor-element elementor-element-a8c7958 elementor-section-boxed elementor-section-height-default elementor-section-height-default\" data-id=\"a8c7958\" data-element_type=\"section\" data-e-type=\"section\">\n\t\t\t\t\t\t<div class=\"elementor-container elementor-column-gap-default\">\n\t\t\t\t\t<div class=\"elementor-column elementor-col-100 elementor-top-column elementor-element elementor-element-a4ae8cb\" data-id=\"a4ae8cb\" data-element_type=\"column\" data-e-type=\"column\">\n\t\t\t<div class=\"elementor-widget-wrap elementor-element-populated\">\n\t\t\t\t\t\t<div class=\"elementor-element elementor-element-c62e994 elementor-widget elementor-widget-spacer\" data-id=\"c62e994\" data-element_type=\"widget\" data-e-type=\"widget\" data-widget_type=\"spacer.default\">\n\t\t\t\t\t\t\t<div class=\"elementor-spacer\">\n\t\t\t<div class=\"elementor-spacer-inner\"><\/div>\n\t\t<\/div>\n\t\t\t\t\t\t<\/div>\n\t\t\t\t\t<\/div>\n\t\t<\/div>\n\t\t\t\t\t<\/div>\n\t\t<\/section>\n\t\t\t\t<\/div>","protected":false},"excerpt":{"rendered":"<p>Informations juridiques Le\u00a0Festival de Belle-Ile, en tant qu\u2019association r\u00e9gie par la loi du 1er juillet 1901 ayant une activit\u00e9 d\u00e9sint\u00e9ress\u00e9e \u00e0 objet culturel, est autoris\u00e9 \u00e0 d\u00e9livrer des re\u00e7us fiscaux \u00e0 ses donateurs r\u00e9sidant en France leur donnant la possibilit\u00e9 de d\u00e9duire de leur Imp\u00f4t sur le Revenu 66% de leurs dons dans la limite [&hellip;]<\/p>\n","protected":false},"author":2,"featured_media":0,"parent":0,"menu_order":0,"comment_status":"closed","ping_status":"closed","template":"","meta":{"inline_featured_image":false,"footnotes":""},"class_list":["post-1507","page","type-page","status-publish","hentry"],"yoast_head":"<!-- This site is optimized with the Yoast SEO plugin v27.4 - https:\/\/yoast.com\/product\/yoast-seo-wordpress\/ -->\n<title>Informations juridiques - Lyrique en Mer<\/title>\n<meta name=\"robots\" content=\"index, follow, max-snippet:-1, max-image-preview:large, max-video-preview:-1\" \/>\n<link rel=\"canonical\" href=\"https:\/\/lyrique-belle-ile.com\/en\/informations-juridiques\/\" \/>\n<meta property=\"og:locale\" content=\"en_US\" \/>\n<meta property=\"og:type\" content=\"article\" \/>\n<meta property=\"og:title\" content=\"Informations juridiques - Lyrique en Mer\" \/>\n<meta property=\"og:description\" content=\"Informations juridiques Le\u00a0Festival de Belle-Ile, en tant qu\u2019association r\u00e9gie par la loi du 1er juillet 1901 ayant une activit\u00e9 d\u00e9sint\u00e9ress\u00e9e \u00e0 objet culturel, est autoris\u00e9 \u00e0 d\u00e9livrer des re\u00e7us fiscaux \u00e0 ses donateurs r\u00e9sidant en France leur donnant la possibilit\u00e9 de d\u00e9duire de leur Imp\u00f4t sur le Revenu 66% de leurs dons dans la limite [&hellip;]\" \/>\n<meta property=\"og:url\" content=\"https:\/\/lyrique-belle-ile.com\/en\/informations-juridiques\/\" \/>\n<meta property=\"og:site_name\" content=\"Lyrique en Mer\" \/>\n<meta property=\"article:publisher\" content=\"https:\/\/www.facebook.com\/lyriqueenmer\" \/>\n<meta property=\"article:modified_time\" content=\"2021-10-19T13:25:11+00:00\" \/>\n<meta name=\"twitter:card\" content=\"summary_large_image\" \/>\n<meta name=\"twitter:site\" content=\"@FestivalLyrique\" \/>\n<meta name=\"twitter:label1\" content=\"Est. reading time\" \/>\n\t<meta name=\"twitter:data1\" content=\"2 minutes\" \/>\n<script type=\"application\/ld+json\" class=\"yoast-schema-graph\">{\"@context\":\"https:\\\/\\\/schema.org\",\"@graph\":[{\"@type\":\"WebPage\",\"@id\":\"https:\\\/\\\/lyrique-belle-ile.com\\\/en\\\/informations-juridiques\\\/\",\"url\":\"https:\\\/\\\/lyrique-belle-ile.com\\\/en\\\/informations-juridiques\\\/\",\"name\":\"Informations juridiques - Lyrique en Mer\",\"isPartOf\":{\"@id\":\"https:\\\/\\\/lyrique-belle-ile.com\\\/#website\"},\"datePublished\":\"2021-01-21T10:46:26+00:00\",\"dateModified\":\"2021-10-19T13:25:11+00:00\",\"breadcrumb\":{\"@id\":\"https:\\\/\\\/lyrique-belle-ile.com\\\/en\\\/informations-juridiques\\\/#breadcrumb\"},\"inLanguage\":\"en-US\",\"potentialAction\":[{\"@type\":\"ReadAction\",\"target\":[\"https:\\\/\\\/lyrique-belle-ile.com\\\/en\\\/informations-juridiques\\\/\"]}]},{\"@type\":\"BreadcrumbList\",\"@id\":\"https:\\\/\\\/lyrique-belle-ile.com\\\/en\\\/informations-juridiques\\\/#breadcrumb\",\"itemListElement\":[{\"@type\":\"ListItem\",\"position\":1,\"name\":\"Accueil\",\"item\":\"https:\\\/\\\/lyrique-belle-ile.com\\\/\"},{\"@type\":\"ListItem\",\"position\":2,\"name\":\"Informations juridiques\"}]},{\"@type\":\"WebSite\",\"@id\":\"https:\\\/\\\/lyrique-belle-ile.com\\\/#website\",\"url\":\"https:\\\/\\\/lyrique-belle-ile.com\\\/\",\"name\":\"Lyrique en Mer\",\"description\":\"Festival International de Belle Ile\",\"publisher\":{\"@id\":\"https:\\\/\\\/lyrique-belle-ile.com\\\/#organization\"},\"potentialAction\":[{\"@type\":\"SearchAction\",\"target\":{\"@type\":\"EntryPoint\",\"urlTemplate\":\"https:\\\/\\\/lyrique-belle-ile.com\\\/?s={search_term_string}\"},\"query-input\":{\"@type\":\"PropertyValueSpecification\",\"valueRequired\":true,\"valueName\":\"search_term_string\"}}],\"inLanguage\":\"en-US\"},{\"@type\":\"Organization\",\"@id\":\"https:\\\/\\\/lyrique-belle-ile.com\\\/#organization\",\"name\":\"Lyrique en Mer\",\"url\":\"https:\\\/\\\/lyrique-belle-ile.com\\\/\",\"logo\":{\"@type\":\"ImageObject\",\"inLanguage\":\"en-US\",\"@id\":\"https:\\\/\\\/lyrique-belle-ile.com\\\/#\\\/schema\\\/logo\\\/image\\\/\",\"url\":\"https:\\\/\\\/lyrique-belle-ile.com\\\/wp-content\\\/uploads\\\/2025\\\/05\\\/Logo-site-internet-violet-350-x-100-px.svg\",\"contentUrl\":\"https:\\\/\\\/lyrique-belle-ile.com\\\/wp-content\\\/uploads\\\/2025\\\/05\\\/Logo-site-internet-violet-350-x-100-px.svg\",\"width\":350,\"height\":100,\"caption\":\"Lyrique en Mer\"},\"image\":{\"@id\":\"https:\\\/\\\/lyrique-belle-ile.com\\\/#\\\/schema\\\/logo\\\/image\\\/\"},\"sameAs\":[\"https:\\\/\\\/www.facebook.com\\\/lyriqueenmer\",\"https:\\\/\\\/x.com\\\/FestivalLyrique\",\"https:\\\/\\\/www.instagram.com\\\/festivallyrique\\\/\"]}]}<\/script>\n<!-- \/ Yoast SEO plugin. -->","yoast_head_json":{"title":"Legal information - Lyrique en Mer","robots":{"index":"index","follow":"follow","max-snippet":"max-snippet:-1","max-image-preview":"max-image-preview:large","max-video-preview":"max-video-preview:-1"},"canonical":"https:\/\/lyrique-belle-ile.com\/en\/informations-juridiques\/","og_locale":"en_US","og_type":"article","og_title":"Informations juridiques - Lyrique en Mer","og_description":"Informations juridiques Le\u00a0Festival de Belle-Ile, en tant qu\u2019association r\u00e9gie par la loi du 1er juillet 1901 ayant une activit\u00e9 d\u00e9sint\u00e9ress\u00e9e \u00e0 objet culturel, est autoris\u00e9 \u00e0 d\u00e9livrer des re\u00e7us fiscaux \u00e0 ses donateurs r\u00e9sidant en France leur donnant la possibilit\u00e9 de d\u00e9duire de leur Imp\u00f4t sur le Revenu 66% de leurs dons dans la limite [&hellip;]","og_url":"https:\/\/lyrique-belle-ile.com\/en\/informations-juridiques\/","og_site_name":"Lyrique en Mer","article_publisher":"https:\/\/www.facebook.com\/lyriqueenmer","article_modified_time":"2021-10-19T13:25:11+00:00","twitter_card":"summary_large_image","twitter_site":"@FestivalLyrique","twitter_misc":{"Est. reading time":"2 minutes"},"schema":{"@context":"https:\/\/schema.org","@graph":[{"@type":"WebPage","@id":"https:\/\/lyrique-belle-ile.com\/en\/informations-juridiques\/","url":"https:\/\/lyrique-belle-ile.com\/en\/informations-juridiques\/","name":"Legal information - Lyrique en Mer","isPartOf":{"@id":"https:\/\/lyrique-belle-ile.com\/#website"},"datePublished":"2021-01-21T10:46:26+00:00","dateModified":"2021-10-19T13:25:11+00:00","breadcrumb":{"@id":"https:\/\/lyrique-belle-ile.com\/en\/informations-juridiques\/#breadcrumb"},"inLanguage":"en-US","potentialAction":[{"@type":"ReadAction","target":["https:\/\/lyrique-belle-ile.com\/en\/informations-juridiques\/"]}]},{"@type":"BreadcrumbList","@id":"https:\/\/lyrique-belle-ile.com\/en\/informations-juridiques\/#breadcrumb","itemListElement":[{"@type":"ListItem","position":1,"name":"Accueil","item":"https:\/\/lyrique-belle-ile.com\/"},{"@type":"ListItem","position":2,"name":"Informations juridiques"}]},{"@type":"WebSite","@id":"https:\/\/lyrique-belle-ile.com\/#website","url":"https:\/\/lyrique-belle-ile.com\/","name":"Lyrical at Sea","description":"Belle Ile International Festival","publisher":{"@id":"https:\/\/lyrique-belle-ile.com\/#organization"},"potentialAction":[{"@type":"SearchAction","target":{"@type":"EntryPoint","urlTemplate":"https:\/\/lyrique-belle-ile.com\/?s={search_term_string}"},"query-input":{"@type":"PropertyValueSpecification","valueRequired":true,"valueName":"search_term_string"}}],"inLanguage":"en-US"},{"@type":"Organization","@id":"https:\/\/lyrique-belle-ile.com\/#organization","name":"Lyrical at Sea","url":"https:\/\/lyrique-belle-ile.com\/","logo":{"@type":"ImageObject","inLanguage":"en-US","@id":"https:\/\/lyrique-belle-ile.com\/#\/schema\/logo\/image\/","url":"https:\/\/lyrique-belle-ile.com\/wp-content\/uploads\/2025\/05\/Logo-site-internet-violet-350-x-100-px.svg","contentUrl":"https:\/\/lyrique-belle-ile.com\/wp-content\/uploads\/2025\/05\/Logo-site-internet-violet-350-x-100-px.svg","width":350,"height":100,"caption":"Lyrique en Mer"},"image":{"@id":"https:\/\/lyrique-belle-ile.com\/#\/schema\/logo\/image\/"},"sameAs":["https:\/\/www.facebook.com\/lyriqueenmer","https:\/\/x.com\/FestivalLyrique","https:\/\/www.instagram.com\/festivallyrique\/"]}]}},"_links":{"self":[{"href":"https:\/\/lyrique-belle-ile.com\/en\/wp-json\/wp\/v2\/pages\/1507","targetHints":{"allow":["GET"]}}],"collection":[{"href":"https:\/\/lyrique-belle-ile.com\/en\/wp-json\/wp\/v2\/pages"}],"about":[{"href":"https:\/\/lyrique-belle-ile.com\/en\/wp-json\/wp\/v2\/types\/page"}],"author":[{"embeddable":true,"href":"https:\/\/lyrique-belle-ile.com\/en\/wp-json\/wp\/v2\/users\/2"}],"replies":[{"embeddable":true,"href":"https:\/\/lyrique-belle-ile.com\/en\/wp-json\/wp\/v2\/comments?post=1507"}],"version-history":[{"count":19,"href":"https:\/\/lyrique-belle-ile.com\/en\/wp-json\/wp\/v2\/pages\/1507\/revisions"}],"predecessor-version":[{"id":3261,"href":"https:\/\/lyrique-belle-ile.com\/en\/wp-json\/wp\/v2\/pages\/1507\/revisions\/3261"}],"wp:attachment":[{"href":"https:\/\/lyrique-belle-ile.com\/en\/wp-json\/wp\/v2\/media?parent=1507"}],"curies":[{"name":"wp","href":"https:\/\/api.w.org\/{rel}","templated":true}]}}

<p>Informations juridiques Le Festival de Belle-Ile, en tant qu’association régie par la loi du 1er juillet 1901 ayant une activité désintéressée à objet culturel, est autorisé à délivrer des reçus fiscaux à ses donateurs résidant en France leur donnant la possibilité de déduire de leur Impôt sur le Revenu 66% de leurs dons dans la limite [&hellip;]</p>

<!-- This site is optimized with the Yoast SEO plugin v27.4 - https://yoast.com/product/yoast-seo-wordpress/ -->
<title>Informations juridiques - Lyrique en Mer</title>
<meta name="robots" content="index, follow, max-snippet:-1, max-image-preview:large, max-video-preview:-1" />
<link rel="canonical" href="https://lyrique-belle-ile.com/en/informations-juridiques/" />
<meta property="og:locale" content="en_US" />
<meta property="og:type" content="article" />
<meta property="og:title" content="Informations juridiques - Lyrique en Mer" />
<meta property="og:description" content="Informations juridiques Le Festival de Belle-Ile, en tant qu’association régie par la loi du 1er juillet 1901 ayant une activité désintéressée à objet culturel, est autorisé à délivrer des reçus fiscaux à ses donateurs résidant en France leur donnant la possibilité de déduire de leur Impôt sur le Revenu 66% de leurs dons dans la limite [&hellip;]" />
<meta property="og:url" content="https://lyrique-belle-ile.com/en/informations-juridiques/" />
<meta property="og:site_name" content="Lyrique en Mer" />
<meta property="article:publisher" content="https://www.facebook.com/lyriqueenmer" />
<meta property="article:modified_time" content="2021-10-19T13:25:11+00:00" />
<meta name="twitter:card" content="summary_large_image" />
<meta name="twitter:site" content="@FestivalLyrique" />
<meta name="twitter:label1" content="Est. reading time" />
	<meta name="twitter:data1" content="2 minutes" />
<script type="application/ld+json" class="yoast-schema-graph">{"@context":"https:\/\/schema.org","@graph":[{"@type":"WebPage","@id":"https:\/\/lyrique-belle-ile.com\/en\/informations-juridiques\/","url":"https:\/\/lyrique-belle-ile.com\/en\/informations-juridiques\/","name":"Informations juridiques - Lyrique en Mer","isPartOf":{"@id":"https:\/\/lyrique-belle-ile.com\/#website"},"datePublished":"2021-01-21T10:46:26+00:00","dateModified":"2021-10-19T13:25:11+00:00","breadcrumb":{"@id":"https:\/\/lyrique-belle-ile.com\/en\/informations-juridiques\/#breadcrumb"},"inLanguage":"en-US","potentialAction":[{"@type":"ReadAction","target":["https:\/\/lyrique-belle-ile.com\/en\/informations-juridiques\/"]}]},{"@type":"BreadcrumbList","@id":"https:\/\/lyrique-belle-ile.com\/en\/informations-juridiques\/#breadcrumb","itemListElement":[{"@type":"ListItem","position":1,"name":"Accueil","item":"https:\/\/lyrique-belle-ile.com\/"},{"@type":"ListItem","position":2,"name":"Informations juridiques"}]},{"@type":"WebSite","@id":"https:\/\/lyrique-belle-ile.com\/#website","url":"https:\/\/lyrique-belle-ile.com\/","name":"Lyrique en Mer","description":"Festival International de Belle Ile","publisher":{"@id":"https:\/\/lyrique-belle-ile.com\/#organization"},"potentialAction":[{"@type":"SearchAction","target":{"@type":"EntryPoint","urlTemplate":"https:\/\/lyrique-belle-ile.com\/?s={search_term_string}"},"query-input":{"@type":"PropertyValueSpecification","valueRequired":true,"valueName":"search_term_string"}}],"inLanguage":"en-US"},{"@type":"Organization","@id":"https:\/\/lyrique-belle-ile.com\/#organization","name":"Lyrique en Mer","url":"https:\/\/lyrique-belle-ile.com\/","logo":{"@type":"ImageObject","inLanguage":"en-US","@id":"https:\/\/lyrique-belle-ile.com\/#\/schema\/logo\/image\/","url":"https:\/\/lyrique-belle-ile.com\/wp-content\/uploads\/2025\/05\/Logo-site-internet-violet-350-x-100-px.svg","contentUrl":"https:\/\/lyrique-belle-ile.com\/wp-content\/uploads\/2025\/05\/Logo-site-internet-violet-350-x-100-px.svg","width":350,"height":100,"caption":"Lyrique en Mer"},"image":{"@id":"https:\/\/lyrique-belle-ile.com\/#\/schema\/logo\/image\/"},"sameAs":["https:\/\/www.facebook.com\/lyriqueenmer","https:\/\/x.com\/FestivalLyrique","https:\/\/www.instagram.com\/festivallyrique\/"]}]}</script>
<!-- / Yoast SEO plugin. -->

Informations juridiques Le Festival de Belle-Ile, en tant qu’association régie par la loi du 1er juillet 1901 ayant une activité désintéressée à objet culturel, est autorisé à délivrer des reçus fiscaux à ses donateurs résidant en France leur donnant la possibilité de déduire de leur Impôt sur le Revenu 66% de leurs dons dans la limite [&hellip;]
